11a2778 (base 12) to base 14
-65a152
Convert 10034020 (base 5) to base 4.
103221332
What is 667525 (base 9) in base 7?
3251552
What is -20100112201011 (base 3) in base 9?
-6315634
What is -120121001100100 (base 3) in base 2?
-11111100111010100100100
What is 111011101101011001 (base 2) in base 14?
651b3
10122221101202 (base 3) to base 12
79abb5
Convert 111231312 (base 6) to base 8.
7564774
What is 1100b (base 12) in base 16?
57cb
What is 181536a (base 13) in base 14?
108022a
What is a0439 (base 15) in base 14?
d2bac
What is 4083387 (base 12) in base 15?
10e4bcd
What is -12340370 (base 8) in base 13?
-74a676
2499190 (base 10) to base 4
21202021312
What is -230543 (base 7) in base 14?
-10d93
2103022 (base 5) to base 13
12a90
18c3c28 (base 13) to base 15
aae5ad
112572 (base 15) to base 10
817982
221220020021220 (base 3) to base 14
1b8395a
What is 2423550 (base 9) in base 8?
5010025
10426a (base 16) to base 2
100000100001001101010
What is 2014300 (base 6) in base 11?
658a1
What is 272713 (base 8) in base 4?
113113023
What is 122404141 (base 5) in base 8?
2202503
1002011212112 (base 3) to base 14
10d458
b7a12c (base 13) to base 6
232144411
What is 139bb3 (base 12) in base 6?
11011543
1757762 (base 8) to base 10
516082
Convert 6a0a8 (base 13) to base 2.
101111001111000010
Convert 10000010001000100001011 (base 2) to base 7.
51150036
Convert 3279128 (base 10) to base 5.
1314413003
Convert -1406203 (base 7) to base 6.
-4001524
-330186 (base 9) to base 2
-110000000101111101
5bad2 (base 14) to base 5
24140113
Convert ac631 (base 14) to base 4.
1212020003
33050d (base 16) to base 5
1323444004
12686 (base 10) to base 6
134422
Convert -21200211111110 (base 3) to base 10.
-4090782
201746 (base 8) to base 6
1232010
Convert 10432428 (base 9) to base 8.
23165020
What is 41027c (base 13) in base 10?
1514174
What is 165fd5 (base 16) in base 13?
3c4563
110224313 (base 5) to base 8
1643241
What is -202002120021 (base 3) in base 11?
-250193
What is -23310221222 (base 4) in base 5?
-1243133432
Convert 254529b (base 12) to base 13.
168b540
12183 (base 11) to base 2
100010001101011
1053445 (base 6) to base 13
1b737
-18825 (base 13) to base 8
-134640
Convert 5cca87 (base 16) to base 13.
134bc26
Convert -1472825 (base 9) to base 14.
-17339b
Convert -174191 (base 12) to base 8.
-1417375
Convert 237683 (base 9) to base 7.
1135131
9d950 (base 16) to base 4
2131211100
-30235 (base 11) to base 4
-22302223
2000670 (base 8) to base 4
2000012320
Convert -1832317 (base 10) to base 8.
-6772575
What is 6166970 (base 10) in base 5?
3034320340
Convert 464348 (base 15) to base 9.
6273775
10351366 (base 7) to base 4
3120123223
Convert 3232332131 (base 4) to base 10.
978845
-143114210 (base 5) to base 12
-304629
Convert -702652 (base 10) to base 13.
-1b7a92
Convert 2cfdb0 (base 16) to base 10.
2948528
-321223303 (base 4) to base 16
-39af3
Convert 516853 (base 10) to base 13.
15133c
Convert -248465 (base 10) to base 16.
-3ca91
Convert a13b89 (base 15) to base 5.
3430011404
Convert 26a171 (base 12) to base 5.
130431324
-1111111010101010 (base 2) to base 8
-177252
Convert -1520676 (base 8) to base 15.
-88b9c
What is -61961 (base 13) in base 12?
-8544b
What is 863343 (base 9) in base 10?
514227
-24002422 (base 5) to base 16
-357e8
155242042 (base 7) to base 5
10142432240
175570 (base 10) to base 8
526722
Convert -44459 (base 16) to base 3.
-112012121002
Convert 13413032 (base 5) to base 15.
2b097
Convert 1ed4ea (base 15) to base 11.
943914
-80c9 (base 13) to base 9
-26302
-311020131301 (base 4) to base 6
-1214310521
Convert 104200443 (base 5) to base 8.
1601352
What is 10875762 (base 9) in base 4?
110033103110
Convert -3dce76 (base 15) to base 4.
-23113202223
Convert be6dac (base 16) to base 8.
57466654
What is -15105112 (base 6) in base 5?
-113201431
What is b644b5 (base 14) in base 10?
6158479
-188b8a (base 15) to base 8
-4433774
Convert -67421 (base 11) to base 13.
-355c1
-10311032033 (base 4) to base 2
-100110101001110001111
What is -1d1c0b (base 14) in base 3?
-1221221211011
Convert 2663394 (base 10) to base 8.
12121742
Convert -ff26 (base 16) to base 9.
-108535
75c8a (base 16) to base 8
1656212
Convert 1123432 (base 6) to base 8.
160754
Convert -12354326 (base 7) to base 12.
-461932
Convert -1372161 (base 10) to base 6.
-45224333
Convert 8240a9 (base 12) to base 11.
1173070
What is 28095 (base 14) in base 16?
18263
Convert 433340243 (base 5) to base 11.
1058239
Convert 201201002101 (base 3) to base 10.
387892
What is -4523326 (base 8) in base 13?
-33a4b7
What is 120120100000211 (base 3) in base 9?
16510024
Convert 405a0 (base 14) to base 9.
255282
6064563 (base 8) to base 2
110000110100101110011
103323200 (base 6) to base 13
4c8453
What is -666012 (base 7) in base 12?
-57a83
Convert -423122 (base 5) to base 14.
-5238
What is 211020012 (base 4) in base 8?
451006
Convert 61674 (base 9) to base 11.
285a3
11010110010110101101 (base 2) to base 10
877997
b7428 (base 13) to base 15
67cc5
What is 1b5967 (base 12) in base 11?
302936
Convert 10588778 (base 9) to base 8.
23461424
What is -2035625 (base 9) in base 2?
-100001001010011111111
What is 110111220210 (base 3) in base 8?
741106
Convert -22387e (base 15) to base 8.
-6163454
12754 (base 12) to base 9
37581
Convert -51035042 (base 8) to base 9.
-22223681
What is -5304169 (base 10) in base 16?
-50ef69
What is 1194948 (base 12) in base 11?
1a32873
What is 20ba943 (base 12) in base 8?
27561703
Convert -14220360 (base 7) to base 6.
-44322040
What is 378618 (base 9) in base 5?
24320114
-1279d1 (base 15) to base 5
-211331341
Convert 137146 (base 8) to base 7.
262051
What is -2e511b (base 16) in base 10?
-3035419
Convert -4412653 (base 9) to base 15.
-31c593
What is -211321133022 (base 4) in base 7?
-150305262
Convert 1326149 (base 10) to base 7.
14162216
Convert 26b4cb5 (base 13) to base 12.
4107b53
What is -1424162 (base 7) in base 6?
-4032532
What is -10531057 (base 9) in base 5?
-2301124203
Convert 101223121231 (base 4) to base 3.
22201102221211
-5315784 (base 10) to base 14
-9c534c
-13b3a5 (base 12) to base 11
-206430
Convert 691457 (base 13) to base 4.
21133113020
Convert 2256606 (base 7) to base 10.
283275
Convert -7a680 (base 12) to base 9.
-268116
What is 43235464 (base 7) in base 9?
6843521
5b72b (base 12) to base 7
1023506
122030242 (base 5) to base 11
3668a9
Convert 210100021021 (base 3) to base 5.
101420400
Convert -1cb080 (base 13) to base 4.
-2310033320
What is 112613213 (base 7) in base 13?
158752a
Convert -714920 (base 10) to base 8.
-2564250
Convert 1150409 (base 10) to base 14.
21d361
What is -492089 (base 10) in base 5?
-111221324
Convert 15414456 (base 9) to base 2.
11101010100100001001110
Convert -3640701 (base 9) to base 5.
-1001203204
What is -2466745 (base 8) in base 14?
-13b12d
What is 782dd (base 15) in base 5?
44211113
What is 11100010110101010100 (base 2) in base 13?
266b8b
-2102212012 (base 3) to base 10
-48011
What is -11c155 (base 13) in base 3?
-210122222201
-10223000110 (base 4) to base 7
-13260424
What is 4ca976 (base 14) in base 5?
1134012341
Convert -331013230 (base 4) to base 2.
-111101000111101100
a73d (base 16) to base 5
2332223
Convert -1111110111000010001 (base 2) to base 8.
-1767021
3681644 (base 12) to base 4
220200221110
122121022110 (base 3) to base 10
346503
What is -211120222010111 (base 3) in base 11?
-6860311
-3064204 (base 7) to base 8
-1320273
What is -1b07996 (base 12) in base 7?
-66521622
10120222211202 (base 3) to base 6
104530332
Convert -1a10543 (base 12) to base 13.
-11a5679
Convert -191925b (base 13) to base 3.
-120110110212112
What is 68a667 (base 11) in base 14?
207d9d
What is 4547577 (base 12) in base 4?
302223021223
-4423021 (base 9) to base 7
-26130604
242cd (base 14) to base 4
111210331
What is 161455 (base 12) in base 11?
237230
What is 824554 (base 10) in base 9?
1486061
Convert -111110101110110110011 (base 2) to base 5.
-1011234403
-140496 (base 10) to base 3
-21010201120
What is -a138 (base 16) in base 2?
-1010000100111000
-100001111100111111101 (base 2) to base 13
-2cc537
Convert -1131121103 (base 4) to base 11.
-241460
Convert -30423 (base 6) to base 9.
-5486
-123021122 (base 4) to base 16
-1b25a
141297 (base 14) to base 2
10101001100111100101
What is -5681346 (base 9) in b